{"id":14,"date":"2024-12-16T12:38:42","date_gmt":"2024-12-16T11:38:42","guid":{"rendered":"https:\/\/bole-kosci.pl\/?page_id=14"},"modified":"2024-12-16T15:33:06","modified_gmt":"2024-12-16T14:33:06","slug":"elementor-14","status":"publish","type":"page","link":"https:\/\/bole-kosci.pl\/","title":{"rendered":"HOME"},"content":{"rendered":"\t\t<div data-elementor-type=\"wp-page\" data-elementor-id=\"14\" class=\"elementor elementor-14\">\n\t\t\t\t\t\t<section class=\"elementor-section elementor-top-section elementor-element elementor-element-2379ded elementor-section-boxed elementor-section-height-default elementor-section-height-default\" data-id=\"2379ded\" data-element_type=\"section\">\n\t\t\t\t\t\t<div class=\"elementor-container elementor-column-gap-default\">\n\t\t\t\t\t<div class=\"elementor-column elementor-col-33 elementor-top-column elementor-element elementor-element-c009aa7\" data-id=\"c009aa7\" data-element_type=\"column\">\n\t\t\t<div class=\"elementor-widget-wrap elementor-element-populated\">\n\t\t\t\t\t\t<div class=\"elementor-element elementor-element-a59b214 elementor-widget elementor-widget-image\" data-id=\"a59b214\" data-element_type=\"widget\" data-widget_type=\"image.default\">\n\t\t\t\t<div class=\"elementor-widget-container\">\n\t\t\t\t\t\t\t\t\t\t\t\t\t\t\t<img fetchpriority=\"high\" decoding=\"async\" width=\"763\" height=\"694\" src=\"https:\/\/bole-kosci.pl\/wp-content\/uploads\/2024\/12\/dach_zielony_warstwy.webp\" class=\"attachment-large size-large wp-image-15\" alt=\"Warstwy dachu zielonego\" srcset=\"https:\/\/bole-kosci.pl\/wp-content\/uploads\/2024\/12\/dach_zielony_warstwy.webp 763w, https:\/\/bole-kosci.pl\/wp-content\/uploads\/2024\/12\/dach_zielony_warstwy-300x273.webp 300w\" sizes=\"(max-width: 763px) 100vw, 763px\" \/>\t\t\t\t\t\t\t\t\t\t\t\t\t\t\t<\/div>\n\t\t\t\t<\/div>\n\t\t\t\t\t<\/div>\n\t\t<\/div>\n\t\t\t\t<div class=\"elementor-column elementor-col-66 elementor-top-column elementor-element elementor-element-905e12d\" data-id=\"905e12d\" data-element_type=\"column\">\n\t\t\t<div class=\"elementor-widget-wrap elementor-element-populated\">\n\t\t\t\t\t\t<div class=\"elementor-element elementor-element-ba61e4a elementor-widget elementor-widget-heading\" data-id=\"ba61e4a\" data-element_type=\"widget\" data-widget_type=\"heading.default\">\n\t\t\t\t<div class=\"elementor-widget-container\">\n\t\t\t\t\t<h1 class=\"elementor-heading-title elementor-size-default\"><h3 data-pm-slice=\"1 1 []\">Zielone dachy p\u0142askie \u2013 ekologia i funkcjonalno\u015b\u0107<span style=\"font-family: var( --e-global-typography-primary-font-family ), Sans-serif;font-size: 22px;font-weight: var( --e-global-typography-primary-font-weight );background-color: transparent\"><\/span><\/h3><\/h1>\t\t\t\t<\/div>\n\t\t\t\t<\/div>\n\t\t\t\t<div class=\"elementor-element elementor-element-239980c elementor-widget elementor-widget-text-editor\" data-id=\"239980c\" data-element_type=\"widget\" data-widget_type=\"text-editor.default\">\n\t\t\t\t<div class=\"elementor-widget-container\">\n\t\t\t\t\t\t\t\t\t<p data-pm-slice=\"1 1 []\"><a href=\"https:\/\/hob.com.pl\/\">Zielone dachy p\u0142askie<\/a> zyskuj\u0105 coraz wi\u0119ksz\u0105 popularno\u015b\u0107 w architekturze wsp\u00f3\u0142czesnej. Stanowi\u0105 one innowacyjne po\u0142\u0105czenie ekologii, estetyki i funkcjonalno\u015bci. W tym artykule przyjrzymy si\u0119, czym si\u0119 charakteryzuj\u0105 zielone dachy, jakie s\u0105 ich wady i zalety oraz dlaczego warto powierzy\u0107 ich wykonanie profesjonalnej firmie.<\/p>\t\t\t\t\t\t\t\t<\/div>\n\t\t\t\t<\/div>\n\t\t\t\t<div class=\"elementor-element elementor-element-2c2c7f5 elementor-widget elementor-widget-heading\" data-id=\"2c2c7f5\" data-element_type=\"widget\" data-widget_type=\"heading.default\">\n\t\t\t\t<div class=\"elementor-widget-container\">\n\t\t\t\t\t<h6 class=\"elementor-heading-title elementor-size-default\"><h3 data-pm-slice=\"1 1 []\">Czym jest zielony dach?<span style=\"color: var( --e-global-color-primary );font-family: var( --e-global-typography-primary-font-family ), Sans-serif;font-size: 20px;font-weight: var( --e-global-typography-primary-font-weight );background-color: transparent\"><\/span><\/h3><\/h6>\t\t\t\t<\/div>\n\t\t\t\t<\/div>\n\t\t\t\t<div class=\"elementor-element elementor-element-0270bb1 elementor-widget elementor-widget-text-editor\" data-id=\"0270bb1\" data-element_type=\"widget\" data-widget_type=\"text-editor.default\">\n\t\t\t\t<div class=\"elementor-widget-container\">\n\t\t\t\t\t\t\t\t\t<p data-pm-slice=\"1 1 []\">Zielony dach to konstrukcja dachowa pokryta ro\u015blinno\u015bci\u0105, kt\u00f3ra mo\u017ce obejmowa\u0107 trawniki, kwiaty, krzewy, a nawet niewielkie drzewa. Dachy te mo\u017cna podzieli\u0107 na dwa podstawowe rodzaje:<\/p><ol start=\"1\" data-spread=\"false\"><li><p><strong>Ekstensywne<\/strong> \u2013 lekkie, o niewielkiej warstwie substratu (5-15 cm), wymagaj\u0105 minimalnej piel\u0119gnacji. Najcz\u0119\u015bciej obsadzone rozchodnikami, mchami czy trawami.<\/p><\/li><li><p><strong>Intensywne<\/strong> \u2013 bardziej zaawansowane, o grubszej warstwie substratu (powy\u017cej 15 cm), pozwalaj\u0105ce na tworzenie pe\u0142nych ogrod\u00f3w, nawet z ma\u0142\u0105 architektur\u0105 i \u015bcie\u017ckami.<\/p><\/li><\/ol><p>Dach zielony p\u0142aski jest szczeg\u00f3lnie atrakcyjny w kontek\u015bcie budownictwa miejskiego, gdzie powierzchnie biologicznie czynne s\u0105 ograniczone.<\/p>\t\t\t\t\t\t\t\t<\/div>\n\t\t\t\t<\/div>\n\t\t\t\t\t<\/div>\n\t\t<\/div>\n\t\t\t\t\t<\/div>\n\t\t<\/section>\n\t\t\t\t<section class=\"elementor-section elementor-top-section elementor-element elementor-element-a7ccfb2 elementor-section-boxed elementor-section-height-default elementor-section-height-default\" data-id=\"a7ccfb2\" data-element_type=\"section\">\n\t\t\t\t\t\t<div class=\"elementor-container elementor-column-gap-default\">\n\t\t\t\t\t<div class=\"elementor-column elementor-col-100 elementor-top-column elementor-element elementor-element-02a01f4\" data-id=\"02a01f4\" data-element_type=\"column\">\n\t\t\t<div class=\"elementor-widget-wrap elementor-element-populated\">\n\t\t\t\t\t\t<div class=\"elementor-element elementor-element-910c6b9 elementor-widget elementor-widget-heading\" data-id=\"910c6b9\" data-element_type=\"widget\" data-widget_type=\"heading.default\">\n\t\t\t\t<div class=\"elementor-widget-container\">\n\t\t\t\t\t<h4 class=\"elementor-heading-title elementor-size-default\"><h3 data-pm-slice=\"1 1 []\">Zalety zielonych dach\u00f3w p\u0142askich<span style=\"font-family: var( --e-global-typography-primary-font-family ), Sans-serif;font-size: 22px;font-weight: var( --e-global-typography-primary-font-weight );background-color: transparent\"><\/span><\/h3><\/h4>\t\t\t\t<\/div>\n\t\t\t\t<\/div>\n\t\t\t\t<div class=\"elementor-element elementor-element-ece234e elementor-widget elementor-widget-text-editor\" data-id=\"ece234e\" data-element_type=\"widget\" data-widget_type=\"text-editor.default\">\n\t\t\t\t<div class=\"elementor-widget-container\">\n\t\t\t\t\t\t\t\t\t<h4 data-pm-slice=\"1 1 []\">1. <strong>Korzy\u015bci ekologiczne<\/strong><\/h4><ul data-spread=\"false\"><li><p><strong>Poprawa jako\u015bci powietrza<\/strong>: Ro\u015bliny na dachu poch\u0142aniaj\u0105 dwutlenek w\u0119gla i produkuj\u0105 tlen, co wp\u0142ywa pozytywnie na jako\u015b\u0107 powietrza w miastach.<\/p><\/li><li><p><strong>Zwi\u0119kszenie bior\u00f3\u017cnorodno\u015bci<\/strong>: Zielone dachy stwarzaj\u0105 nowe siedliska dla owad\u00f3w, ptak\u00f3w i innych organizm\u00f3w.<\/p><\/li><\/ul><h4>2. <strong>Korzy\u015bci termiczne i energetyczne<\/strong><\/h4><ul data-spread=\"false\"><li><p><strong>Izolacja termiczna<\/strong>: Zielony dach obni\u017ca koszty ogrzewania zim\u0105 i ch\u0142odzenia latem, zmniejszaj\u0105c straty ciep\u0142a przez dach.<\/p><\/li><li><p><strong>Redukcja efektu miejskiej wyspy ciep\u0142a<\/strong>: Dachy pokryte ro\u015blinno\u015bci\u0105 pomagaj\u0105 obni\u017cy\u0107 temperatur\u0119 w obszarach miejskich.<\/p><\/li><\/ul><h4>3. <strong>Korzy\u015bci funkcjonalne<\/strong><\/h4><ul data-spread=\"false\"><li><p><strong>Retencja wody opadowej<\/strong>: Zielone dachy poch\u0142aniaj\u0105 znaczne ilo\u015bci wody, zmniejszaj\u0105c ryzyko podtopie\u0144 i odci\u0105\u017caj\u0105c kanalizacj\u0119 deszczow\u0105.<\/p><\/li><li><p><strong>Dodatkowa przestrze\u0144 u\u017cytkowa<\/strong>: Dachy intensywne mog\u0105 pe\u0142ni\u0107 funkcj\u0119 ogrodu, tarasu czy miejsca rekreacyjnego.<\/p><\/li><\/ul><h4>4. <strong>Estetyka<\/strong><\/h4><p>Zielone dachy nadaj\u0105 budynkom nowoczesny, przyjazny dla \u015brodowiska wygl\u0105d. Mog\u0105 stanowi\u0107 wa\u017cny element identyfikacji wizualnej budynku.<\/p>\t\t\t\t\t\t\t\t<\/div>\n\t\t\t\t<\/div>\n\t\t\t\t\t<\/div>\n\t\t<\/div>\n\t\t\t\t\t<\/div>\n\t\t<\/section>\n\t\t\t\t<section class=\"elementor-section elementor-top-section elementor-element elementor-element-36bb687 elementor-section-boxed elementor-section-height-default elementor-section-height-default\" data-id=\"36bb687\" data-element_type=\"section\">\n\t\t\t\t\t\t<div class=\"elementor-container elementor-column-gap-default\">\n\t\t\t\t\t<div class=\"elementor-column elementor-col-66 elementor-top-column elementor-element elementor-element-7e27efb\" data-id=\"7e27efb\" data-element_type=\"column\">\n\t\t\t<div class=\"elementor-widget-wrap elementor-element-populated\">\n\t\t\t\t\t\t<div class=\"elementor-element elementor-element-5f9b8d8 elementor-widget elementor-widget-heading\" data-id=\"5f9b8d8\" data-element_type=\"widget\" data-widget_type=\"heading.default\">\n\t\t\t\t<div class=\"elementor-widget-container\">\n\t\t\t\t\t<h4 class=\"elementor-heading-title elementor-size-default\"><h3 data-pm-slice=\"1 1 []\">Wady zielonych dach\u00f3w p\u0142askich<\/h3><\/h4>\t\t\t\t<\/div>\n\t\t\t\t<\/div>\n\t\t\t\t<div class=\"elementor-element elementor-element-bd8914d elementor-widget elementor-widget-text-editor\" data-id=\"bd8914d\" data-element_type=\"widget\" data-widget_type=\"text-editor.default\">\n\t\t\t\t<div class=\"elementor-widget-container\">\n\t\t\t\t\t\t\t\t\t<h4 data-pm-slice=\"1 1 []\">1. <strong>Koszty inwestycyjne<\/strong><\/h4><p>Budowa zielonego dachu jest dro\u017csza ni\u017c tradycyjnego. Obejmuje koszt projektu, materia\u0142\u00f3w (membrany wodoodporne, warstwy drena\u017cowe, substrat) oraz samej ro\u015blinno\u015bci.<\/p><h4>2. <strong>Konserwacja i piel\u0119gnacja<\/strong><\/h4><p>Chocia\u017c dachy ekstensywne wymagaj\u0105 minimalnej piel\u0119gnacji, to dachy intensywne musz\u0105 by\u0107 regularnie podlewane, nawo\u017cone i koszone.<\/p><h4>3. <strong>Obci\u0105\u017cenie konstrukcji<\/strong><\/h4><p>Zielone dachy, szczeg\u00f3lnie intensywne, mog\u0105 wymaga\u0107 wzmocnienia konstrukcji budynku, co zwi\u0119ksza koszty realizacji.<\/p><h4>4. <strong>Ryzyko przeciek\u00f3w<\/strong><\/h4><p>Nieprawid\u0142owo wykonana hydroizolacja mo\u017ce prowadzi\u0107 do przeciek\u00f3w i uszkodzenia dachu. Dlatego tak wa\u017cne jest wykonanie dachu przez specjalistyczn\u0105 firm\u0119.<\/p>\t\t\t\t\t\t\t\t<\/div>\n\t\t\t\t<\/div>\n\t\t\t\t\t<\/div>\n\t\t<\/div>\n\t\t\t\t<div class=\"elementor-column elementor-col-33 elementor-top-column elementor-element elementor-element-1ce6d0a\" data-id=\"1ce6d0a\" data-element_type=\"column\">\n\t\t\t<div class=\"elementor-widget-wrap elementor-element-populated\">\n\t\t\t\t\t\t<div class=\"elementor-element elementor-element-50444c4 elementor-widget elementor-widget-image\" data-id=\"50444c4\" data-element_type=\"widget\" data-widget_type=\"image.default\">\n\t\t\t\t<div class=\"elementor-widget-container\">\n\t\t\t\t\t\t\t\t\t\t\t\t\t\t\t<img decoding=\"async\" width=\"1024\" height=\"686\" src=\"https:\/\/bole-kosci.pl\/wp-content\/uploads\/2024\/12\/dach-zielony-1024x686.webp\" class=\"attachment-large size-large wp-image-21\" alt=\"Dach zielony - realizacja u klienta\" srcset=\"https:\/\/bole-kosci.pl\/wp-content\/uploads\/2024\/12\/dach-zielony-1024x686.webp 1024w, https:\/\/bole-kosci.pl\/wp-content\/uploads\/2024\/12\/dach-zielony-300x201.webp 300w, https:\/\/bole-kosci.pl\/wp-content\/uploads\/2024\/12\/dach-zielony-768x514.webp 768w, https:\/\/bole-kosci.pl\/wp-content\/uploads\/2024\/12\/dach-zielony-1536x1028.webp 1536w, https:\/\/bole-kosci.pl\/wp-content\/uploads\/2024\/12\/dach-zielony.webp 1800w\" sizes=\"(max-width: 1024px) 100vw, 1024px\" \/>\t\t\t\t\t\t\t\t\t\t\t\t\t\t\t<\/div>\n\t\t\t\t<\/div>\n\t\t\t\t\t<\/div>\n\t\t<\/div>\n\t\t\t\t\t<\/div>\n\t\t<\/section>\n\t\t\t\t<section class=\"elementor-section elementor-top-section elementor-element elementor-element-8ff519c elementor-section-boxed elementor-section-height-default elementor-section-height-default\" data-id=\"8ff519c\" data-element_type=\"section\">\n\t\t\t\t\t\t<div class=\"elementor-container elementor-column-gap-default\">\n\t\t\t\t\t<div class=\"elementor-column elementor-col-50 elementor-top-column elementor-element elementor-element-db2207e\" data-id=\"db2207e\" data-element_type=\"column\">\n\t\t\t<div class=\"elementor-widget-wrap elementor-element-populated\">\n\t\t\t\t\t\t<div class=\"elementor-element elementor-element-c090742 elementor-widget elementor-widget-heading\" data-id=\"c090742\" data-element_type=\"widget\" data-widget_type=\"heading.default\">\n\t\t\t\t<div class=\"elementor-widget-container\">\n\t\t\t\t\t<h6 class=\"elementor-heading-title elementor-size-default\">REKLAMA:<\/h6>\t\t\t\t<\/div>\n\t\t\t\t<\/div>\n\t\t\t\t<div class=\"elementor-element elementor-element-bd05ddc elementor-widget elementor-widget-text-editor\" data-id=\"bd05ddc\" data-element_type=\"widget\" data-widget_type=\"text-editor.default\">\n\t\t\t\t<div class=\"elementor-widget-container\">\n\t\t\t\t\t\t\t\t\t<p>Drzwi antyw\u0142amaniowe: <a href=\"https:\/\/domar.biz.pl\/\">domar.biz.pl<\/a><\/p>\t\t\t\t\t\t\t\t<\/div>\n\t\t\t\t<\/div>\n\t\t\t\t<div class=\"elementor-element elementor-element-2861ec7 elementor-widget elementor-widget-image\" data-id=\"2861ec7\" data-element_type=\"widget\" data-widget_type=\"image.default\">\n\t\t\t\t<div class=\"elementor-widget-container\">\n\t\t\t\t\t\t\t\t\t\t\t\t\t\t\t<img decoding=\"async\" width=\"300\" height=\"103\" src=\"https:\/\/bole-kosci.pl\/wp-content\/uploads\/2024\/12\/logo_domar-300x103.png\" class=\"attachment-medium size-medium wp-image-36\" alt=\"Domar - Drzwi wewn\u0119trzne warszawa\" srcset=\"https:\/\/bole-kosci.pl\/wp-content\/uploads\/2024\/12\/logo_domar-300x103.png 300w, https:\/\/bole-kosci.pl\/wp-content\/uploads\/2024\/12\/logo_domar-768x264.png 768w, https:\/\/bole-kosci.pl\/wp-content\/uploads\/2024\/12\/logo_domar.png 852w\" sizes=\"(max-width: 300px) 100vw, 300px\" \/>\t\t\t\t\t\t\t\t\t\t\t\t\t\t\t<\/div>\n\t\t\t\t<\/div>\n\t\t\t\t<div class=\"elementor-element elementor-element-b4f5877 elementor-widget elementor-widget-text-editor\" data-id=\"b4f5877\" data-element_type=\"widget\" data-widget_type=\"text-editor.default\">\n\t\t\t\t<div class=\"elementor-widget-container\">\n\t\t\t\t\t\t\t\t\t<p>Klimatyzacje Warszawa i okolice: <a href=\"https:\/\/leoklima.pl\">leoklima.pl<\/a><\/p>\t\t\t\t\t\t\t\t<\/div>\n\t\t\t\t<\/div>\n\t\t\t\t<div class=\"elementor-element elementor-element-88d6555 elementor-widget elementor-widget-image\" data-id=\"88d6555\" data-element_type=\"widget\" data-widget_type=\"image.default\">\n\t\t\t\t<div class=\"elementor-widget-container\">\n\t\t\t\t\t\t\t\t\t\t\t\t\t\t\t<img loading=\"lazy\" decoding=\"async\" width=\"150\" height=\"150\" src=\"https:\/\/bole-kosci.pl\/wp-content\/uploads\/2024\/12\/leoklimapl-high-resolution-logo-color-on-transparent-background-2-150x150-1.png\" class=\"attachment-thumbnail size-thumbnail wp-image-37\" alt=\"\" \/>\t\t\t\t\t\t\t\t\t\t\t\t\t\t\t<\/div>\n\t\t\t\t<\/div>\n\t\t\t\t<div class=\"elementor-element elementor-element-c29818b elementor-widget elementor-widget-text-editor\" data-id=\"c29818b\" data-element_type=\"widget\" data-widget_type=\"text-editor.default\">\n\t\t\t\t<div class=\"elementor-widget-container\">\n\t\t\t\t\t\t\t\t\t<p>pozycjonowanie lokalne: <a href=\"https:\/\/epozycjonowanie.com\/\">epozycjonowanie.com<\/a><\/p>\t\t\t\t\t\t\t\t<\/div>\n\t\t\t\t<\/div>\n\t\t\t\t\t<\/div>\n\t\t<\/div>\n\t\t\t\t<div class=\"elementor-column elementor-col-50 elementor-top-column elementor-element elementor-element-2ee73df\" data-id=\"2ee73df\" data-element_type=\"column\">\n\t\t\t<div class=\"elementor-widget-wrap elementor-element-populated\">\n\t\t\t\t\t\t<div class=\"elementor-element elementor-element-01fd8fb elementor-widget elementor-widget-heading\" data-id=\"01fd8fb\" data-element_type=\"widget\" data-widget_type=\"heading.default\">\n\t\t\t\t<div class=\"elementor-widget-container\">\n\t\t\t\t\t<h5 class=\"elementor-heading-title elementor-size-default\"><h3 data-pm-slice=\"1 1 []\">Dlaczego warto powierzy\u0107 wykonanie profesjonalistom?<span style=\"color: var( --e-global-color-primary );font-family: var( --e-global-typography-primary-font-family ), Sans-serif;font-size: 28px;font-weight: var( --e-global-typography-primary-font-weight );background-color: transparent\"><\/span><\/h3><\/h5>\t\t\t\t<\/div>\n\t\t\t\t<\/div>\n\t\t\t\t<div class=\"elementor-element elementor-element-7d85aca elementor-widget elementor-widget-text-editor\" data-id=\"7d85aca\" data-element_type=\"widget\" data-widget_type=\"text-editor.default\">\n\t\t\t\t<div class=\"elementor-widget-container\">\n\t\t\t\t\t\t\t\t\t<p data-pm-slice=\"1 1 []\">Budowa zielonego dachu jest z\u0142o\u017conym procesem, wymagaj\u0105cym odpowiedniego przygotowania i do\u015bwiadczenia. Poni\u017cej przedstawiamy kluczowe argumenty przemawiaj\u0105ce za wyborem wykfalifikowanej firmy:<\/p><h4>1. <strong>Projektowanie i planowanie<\/strong><\/h4><p>Profesjonalne firmy zapewniaj\u0105 kompleksowe podej\u015bcie do projektu. Uwzgl\u0119dniaj\u0105 one aspekty takie jak:<\/p><ul data-spread=\"false\"><li><p>wytrzyma\u0142o\u015b\u0107 konstrukcji,<\/p><\/li><li><p>dob\u00f3r odpowiednich warstw (hydroizolacja, drena\u017c, substrat),<\/p><\/li><li><p>rodzaj ro\u015blinno\u015bci dopasowany do klimatu i wymaga\u0144 inwestora.<\/p><\/li><\/ul><h4>2. <strong>Gwarancja jako\u015bci<\/strong><\/h4><p>Profesjonali\u015bci korzystaj\u0105 z certyfikowanych materia\u0142\u00f3w i sprawdzonych technologii, co minimalizuje ryzyko usterek.<\/p><h4>3. <strong>Zgodno\u015b\u0107 z przepisami<\/strong><\/h4><p>Firmy budowlane znaj\u0105 lokalne przepisy dotycz\u0105ce budowy zielonych dach\u00f3w, co zapewnia zgodno\u015b\u0107 inwestycji z normami prawnymi.<\/p><h4>4. <strong>Konserwacja i serwis<\/strong><\/h4><p>Wielu wykonawc\u00f3w oferuje us\u0142ugi konserwacyjne, zapewniaj\u0105c d\u0142ug\u0105 \u017cywotno\u015b\u0107 dachu i jego optymalne funkcjonowanie.<\/p>\t\t\t\t\t\t\t\t<\/div>\n\t\t\t\t<\/div>\n\t\t\t\t\t<\/div>\n\t\t<\/div>\n\t\t\t\t\t<\/div>\n\t\t<\/section>\n\t\t\t\t<section class=\"elementor-section elementor-top-section elementor-element elementor-element-812b4cf elementor-section-boxed elementor-section-height-default elementor-section-height-default\" data-id=\"812b4cf\" data-element_type=\"section\">\n\t\t\t\t\t\t<div class=\"elementor-container elementor-column-gap-default\">\n\t\t\t\t\t<div class=\"elementor-column elementor-col-50 elementor-top-column elementor-element elementor-element-1a6b7c4\" data-id=\"1a6b7c4\" data-element_type=\"column\">\n\t\t\t<div class=\"elementor-widget-wrap elementor-element-populated\">\n\t\t\t\t\t\t<div class=\"elementor-element elementor-element-a8cbd5c elementor-widget elementor-widget-heading\" data-id=\"a8cbd5c\" data-element_type=\"widget\" data-widget_type=\"heading.default\">\n\t\t\t\t<div class=\"elementor-widget-container\">\n\t\t\t\t\t<h4 class=\"elementor-heading-title elementor-size-default\">Zielone dachy a zmiany klimatyczne<\/h4>\t\t\t\t<\/div>\n\t\t\t\t<\/div>\n\t\t\t\t<div class=\"elementor-element elementor-element-fb485b7 elementor-widget elementor-widget-text-editor\" data-id=\"fb485b7\" data-element_type=\"widget\" data-widget_type=\"text-editor.default\">\n\t\t\t\t<div class=\"elementor-widget-container\">\n\t\t\t\t\t\t\t\t\t<p data-pm-slice=\"1 1 []\">Zielone dachy odgrywaj\u0105 kluczow\u0105 rol\u0119 w adaptacji miast do zmian klimatycznych. Dzi\u0119ki swojej zdolno\u015bci do retencji wody i obni\u017cania temperatury, pomagaj\u0105 radzi\u0107 sobie z ekstremalnymi zjawiskami pogodowymi, takimi jak ulewy czy fale upa\u0142\u00f3w. Zmniejszaj\u0105 r\u00f3wnie\u017c obci\u0105\u017cenie miejskich system\u00f3w kanalizacyjnych, co jest szczeg\u00f3lnie istotne w dobie rosn\u0105cych intensywno\u015bci opad\u00f3w.<\/p><p>Dodatkowo, zielone dachy stanowi\u0105 naturalny bufor dla emisji gaz\u00f3w cieplarnianych. Ro\u015blinno\u015b\u0107 na dachach poch\u0142ania dwutlenek w\u0119gla, jednocze\u015bnie ograniczaj\u0105c zapotrzebowanie na energi\u0119 w budynkach. Dzi\u0119ki temu zielone dachy s\u0105 jednym z element\u00f3w strategii zr\u00f3wnowa\u017conego rozwoju miast.<\/p>\t\t\t\t\t\t\t\t<\/div>\n\t\t\t\t<\/div>\n\t\t\t\t\t<\/div>\n\t\t<\/div>\n\t\t\t\t<div class=\"elementor-column elementor-col-50 elementor-top-column elementor-element elementor-element-8a0802e\" data-id=\"8a0802e\" data-element_type=\"column\">\n\t\t\t<div class=\"elementor-widget-wrap elementor-element-populated\">\n\t\t\t\t\t\t<div class=\"elementor-element elementor-element-afa32de elementor-widget elementor-widget-heading\" data-id=\"afa32de\" data-element_type=\"widget\" data-widget_type=\"heading.default\">\n\t\t\t\t<div class=\"elementor-widget-container\">\n\t\t\t\t\t<h4 class=\"elementor-heading-title elementor-size-default\">Zielone dachy w urbanistyce przysz\u0142o\u015bci<\/h4>\t\t\t\t<\/div>\n\t\t\t\t<\/div>\n\t\t\t\t<div class=\"elementor-element elementor-element-e1c20ad elementor-widget elementor-widget-text-editor\" data-id=\"e1c20ad\" data-element_type=\"widget\" data-widget_type=\"text-editor.default\">\n\t\t\t\t<div class=\"elementor-widget-container\">\n\t\t\t\t\t\t\t\t\t<p data-pm-slice=\"1 1 []\">W miastach przysz\u0142o\u015bci zielone dachy mog\u0105 sta\u0107 si\u0119 standardem, a nie luksusem. Coraz wi\u0119cej miast wprowadza programy wsparcia finansowego i ulg podatkowych dla inwestor\u00f3w decyduj\u0105cych si\u0119 na zielone dachy. Dzi\u0119ki temu nie tylko zwi\u0119ksza si\u0119 liczba powierzchni biologicznie czynnych, ale tak\u017ce poprawia jako\u015b\u0107 \u017cycia mieszka\u0144c\u00f3w.<\/p><p>Warto r\u00f3wnie\u017c wspomnie\u0107 o mo\u017cliwo\u015bciach integracji zielonych dach\u00f3w z innymi technologiami, takimi jak panele fotowoltaiczne czy systemy zbierania wody deszczowej. Tego typu rozwi\u0105zania przyczyniaj\u0105 si\u0119 do jeszcze wi\u0119kszej efektywno\u015bci energetycznej budynk\u00f3w i minimalizowania ich wp\u0142ywu na \u015brodowisko.<\/p>\t\t\t\t\t\t\t\t<\/div>\n\t\t\t\t<\/div>\n\t\t\t\t\t<\/div>\n\t\t<\/div>\n\t\t\t\t\t<\/div>\n\t\t<\/section>\n\t\t\t\t<section class=\"elementor-section elementor-top-section elementor-element elementor-element-e1389d5 elementor-section-boxed elementor-section-height-default elementor-section-height-default\" data-id=\"e1389d5\" data-element_type=\"section\">\n\t\t\t\t\t\t<div class=\"elementor-container elementor-column-gap-default\">\n\t\t\t\t\t<div class=\"elementor-column elementor-col-100 elementor-top-column elementor-element elementor-element-cc3df0a\" data-id=\"cc3df0a\" data-element_type=\"column\">\n\t\t\t<div class=\"elementor-widget-wrap elementor-element-populated\">\n\t\t\t\t\t\t<div class=\"elementor-element elementor-element-38c3811 elementor-widget elementor-widget-heading\" data-id=\"38c3811\" data-element_type=\"widget\" data-widget_type=\"heading.default\">\n\t\t\t\t<div class=\"elementor-widget-container\">\n\t\t\t\t\t<h5 class=\"elementor-heading-title elementor-size-default\">Podsumowanie<\/h5>\t\t\t\t<\/div>\n\t\t\t\t<\/div>\n\t\t\t\t<div class=\"elementor-element elementor-element-0a6f918 elementor-widget elementor-widget-text-editor\" data-id=\"0a6f918\" data-element_type=\"widget\" data-widget_type=\"text-editor.default\">\n\t\t\t\t<div class=\"elementor-widget-container\">\n\t\t\t\t\t\t\t\t\t<p data-pm-slice=\"1 1 []\">Zielone dachy p\u0142askie s\u0105 doskona\u0142ym rozwi\u0105zaniem dla os\u00f3b i firm, kt\u00f3re chc\u0105 \u0142\u0105czy\u0107 nowoczesn\u0105 architektur\u0119 z trosk\u0105 o \u015brodowisko. Ich liczne zalety \u2013 od korzy\u015bci ekologicznych, przez oszcz\u0119dno\u015bci energetyczne, po atrakcyjny wygl\u0105d \u2013 sprawiaj\u0105, \u017ce s\u0105 coraz cz\u0119\u015bciej wybierane w projektach budowlanych. Jednak z uwagi na z\u0142o\u017cono\u015b\u0107 tego typu inwestycji, kluczowe jest powierzenie jej realizacji do\u015bwiadczonej firmie, co zapewni najwy\u017csz\u0105 jako\u015b\u0107 i trwa\u0142o\u015b\u0107 wykonania.<\/p>\t\t\t\t\t\t\t\t<\/div>\n\t\t\t\t<\/div>\n\t\t\t\t\t<\/div>\n\t\t<\/div>\n\t\t\t\t\t<\/div>\n\t\t<\/section>\n\t\t\t\t<\/div>\n\t\t","protected":false},"excerpt":{"rendered":"<p>Zielone dachy p\u0142askie \u2013 ekologia i funkcjonalno\u015b\u0107 Zielone dachy p\u0142askie zyskuj\u0105 coraz wi\u0119ksz\u0105 popularno\u015b\u0107 w architekturze wsp\u00f3\u0142czesnej. Stanowi\u0105 one innowacyjne po\u0142\u0105czenie ekologii, estetyki i funkcjonalno\u015bci. W tym artykule przyjrzymy si\u0119, czym si\u0119 charakteryzuj\u0105 zielone dachy, jakie s\u0105 ich wady i zalety oraz dlaczego warto powierzy\u0107 ich wykonanie profesjonalnej firmie. Czym jest zielony dach? Zielony dach&#8230;<\/p>\n","protected":false},"author":1,"featured_media":0,"parent":0,"menu_order":0,"comment_status":"closed","ping_status":"closed","template":"","meta":{"_kadence_starter_templates_imported_post":false,"_kad_post_transparent":"default","_kad_post_title":"hide","_kad_post_layout":"fullwidth","_kad_post_sidebar_id":"","_kad_post_content_style":"unboxed","_kad_post_vertical_padding":"hide","_kad_post_feature":"hide","_kad_post_feature_position":"","_kad_post_header":false,"_kad_post_footer":false,"footnotes":""},"class_list":["post-14","page","type-page","status-publish","hentry"],"_links":{"self":[{"href":"https:\/\/bole-kosci.pl\/index.php?rest_route=\/wp\/v2\/pages\/14","targetHints":{"allow":["GET"]}}],"collection":[{"href":"https:\/\/bole-kosci.pl\/index.php?rest_route=\/wp\/v2\/pages"}],"about":[{"href":"https:\/\/bole-kosci.pl\/index.php?rest_route=\/wp\/v2\/types\/page"}],"author":[{"embeddable":true,"href":"https:\/\/bole-kosci.pl\/index.php?rest_route=\/wp\/v2\/users\/1"}],"replies":[{"embeddable":true,"href":"https:\/\/bole-kosci.pl\/index.php?rest_route=%2Fwp%2Fv2%2Fcomments&post=14"}],"version-history":[{"count":29,"href":"https:\/\/bole-kosci.pl\/index.php?rest_route=\/wp\/v2\/pages\/14\/revisions"}],"predecessor-version":[{"id":52,"href":"https:\/\/bole-kosci.pl\/index.php?rest_route=\/wp\/v2\/pages\/14\/revisions\/52"}],"wp:attachment":[{"href":"https:\/\/bole-kosci.pl\/index.php?rest_route=%2Fwp%2Fv2%2Fmedia&parent=14"}],"curies":[{"name":"wp","href":"https:\/\/api.w.org\/{rel}","templated":true}]}}